65*h - 259. Let b be y(-4). What is the highest common divisor of 47 and b?
1
Suppose d + 4 = 3*d. Suppose 5*c - d*q - 93 = 0, 1 = -4*q + 5. What is the highest common factor of 152 and c?
19
Let o be 11 - 8 - (-1 + -404). What is the highest common factor of 16 and o?
8
Suppose -8 = 9*v - 11*v. Calculate the highest common divisor of 68 and v.
4
Let n(s) = 110*s + 82. Let v be n(8). Calculate the greatest common factor of 26 and v.
26
Let f be 42*(-23)/(-322)*(-224)/(-6). Let x = 33 + -19. Calculate the greatest common divisor of f and x.
14
Let q = 1597 + -381. Calculate the highest common factor of 76 and q.
76
Let x = -1699 - -1706. Suppose -112 = -3*i + 2*i. Calculate the greatest common divisor of i and x.
7
Let l(v) = v**2 + 2*v + 65. Let x be l(-13). What is the highest common divisor of 130 and x?
26
Suppose 2*l - 37 = -5. Calculate the greatest common divisor of l and 12.
4
Let c be 67 + 4/(32/(-56)). What is the highest common factor of c and 20?
20
Let b = 11 + 1. Let y(t) = -t**3 + 11*t**2 + 13*t - 11. Let c be y(b). What is the greatest common factor of c and 7?
1
Let z(w) = w**3 + 40*w**2 + 2*w + 83. Let j be z(-40). Let o = 17 - 8. What is the greatest common factor of j and o?
3
Suppose -f + 1346 = 3*h, 0*f + 4 = 2*f. Calculate the greatest common divisor of h and 56.
56
Suppose 14*k = 33*k - 456. What is the highest common divisor of k and 184?
8
Suppose 5*j + 8 = 2*p - 67, -2*j + 231 = 5*p. Let h = -1608 + 1626. What is the greatest common factor of h and p?
9
Let j be ((-48)/(-30))/(6745/(-1125) + 6). What is the highest common divisor of 810 and j?
90
Let v(k) = k**3 - 7*k**2 - 3*k - 12. Let b be v(8). Calculate the highest common divisor of b and 84.
28
Let m = -438 - -474. Calculate the greatest common factor of m and 444.
12
Let g(v) = -8*v**3 - 3*v**2 - v + 1. Let f be g(-2). Let u = -3 + 18. Suppose -u = -3*z, 3*h - z + 15 = f. Calculate the highest common factor of 105 and h.
15
Let q be (-4)/(-3) + 280/6. Let h = 5 - 1. Suppose -c - q = -h*c. Calculate the highest common factor of c and 48.
16
Let i = -34 + 39. Let u be 39 - i - (-3 - -1). What is the highest common factor of u and 24?
12
Let s(k) = -7*k**3 - 3*k**2 + 3. Let p be s(-2). Suppose -44 = -7*g + p. Suppose -3*a - 312 = -6*a. Calculate the greatest common divisor of g and a.
13
Suppose -3*w + 42 + 30 = 0. Suppose -16 = y - 4*q, 2*q - 1 = -2*y + 7. Suppose y*z = 2*z - 12. Calculate the greatest common divisor of z and w.
6
Let j be 130/(-15)*-6 + -4. What is the highest common factor of 156 and j?
12
Let n be (0 + 1 + 0)*0. Suppose 2*t + t - 42 = n. What is the highest common factor of t and 42?
14
Suppose -2*q = -0*v + 2*v - 118, -4*v + 110 = 2*q. Let f = 18 + -9. Calculate the highest common factor of q and f.
9
Suppose -288 = -36*f + 108. Let y be ((-22)/4)/(2/(-12)). Calculate the highest common divisor of y and f.
11
Suppose -255*h + 12 = -254*h. What is the highest common factor of 384 and h?
12
Let v(z) = -2*z**2 + 2*z + 3. Let y be v(0). What is the highest common divisor of y and 57?
3
Suppose 0 = 2*f + 3*u - 21, -2*f = u - 1 - 10. Let r = -40 - -34. Let k be (-9)/r*2 + 18. What is the highest common factor of f and k?
3
Suppose -6*m + 155 + 133 = 0. What is the highest common divisor of m and 3?
3
Suppose -5*a = -3*t - t + 64, 0 = -5*t + a + 59. Let w = 11 - 18. Let o = t + w. Calculate the greatest common factor of o and 4.
4
Suppose -2*f + 12 = 6. Suppose 4*h - f*a = 117, 4*h - 2*a - 107 = 3*a. What is the greatest common factor of h and 264?
33
Let a(b) = -4*b + 2. Let p = 6 + -4. Let g be a(p). Let t be (-21)/g*-3*-2. What is the greatest common divisor of t and 7?
7
Let m = 17 - 13. Let c be (-156)/(-13)*(-7)/m. Let n = -1 - c. Calculate the highest common factor of 50 and n.
10
Let k be -3 + (110 - (-14 - -25)). Suppose 0 = 2*w - 0*w - 248. Suppose -4*s + 5*t = -76, -5*s - 6*t + w = -5*t. What is the highest common factor of s and k?
24
Let z be 72 - (15 + -6 + -2). What is the greatest common divisor of 195 and z?
65
Suppose 0 = -3*c - 4*l + 41, 9*c - 14*c + 4*l = -15. What is the highest common factor of c and 63?
7
Suppose j = -3*h + 23, 5*h - 1 - 24 = 0. Suppose 6 = -p + j. What is the greatest common divisor of 2 and p?
2
Let b be 332 - 18/15*(-15)/(-9). Calculate the highest common factor of 66 and b.
66
Let i = 577 + -522. What is the greatest common factor of i and 44?
11
Suppose 6*v = 17*v - 2112. What is the highest common divisor of 36 and v?
12
Let c = 451 + -411. What is the highest common factor of 1160 and c?
40
Let u(s) = -4*s**2 - 92*s + 22. Let i be u(-21). Calculate the highest common factor of i and 2375.
95
Let l be (4/5 - 1) + (-5)/(-25). Suppose -c + 11 + 25 = l. What is the highest common factor of 4 and c?
4
Let d be -18*(-2 + -2)/8. Let s(o) = 2*o**2 - 16*o - 9. Let z be s(d). Calculate the greatest common factor of z and 3.
3
Let f = -2974 - -3090. What is the highest common factor of f and 16?
4
Let l(o) = o**2 + 31*o + 30. Let z be l(12). Calculate the greatest common factor of 78 and z.
78
Let x(t) = -t**3 - 5*t**2 + 6*t + 4. Let a be x(-7). Let v = -28 + a. Calculate the greatest common divisor of v and 48.
16
Let k be 19 + 2 + (-1 - 0). Suppose 833*d - 2960 = 796*d. Calculate the greatest common divisor of d and k.
20
Let l(k) be the first derivative of 4/3*k**3 - 3/2*k**2 - 3*k + 2. Let q be l(-3). What is the greatest common factor of q and 63?
21
Suppose -180 = -3*w - 3*w. Suppose -2*p + 36 = w. Suppose 4 + 11 = 5*z. What is the greatest common factor of p and z?
3
Suppose 13*c - 7*c - 168 = 0. Let k = -504 - -914. Suppose -5*j = 60 - k. What is the highest common divisor of j and c?
14
Suppose 2*o - 3*r + 45 = -0*o, 0 = -2*o + 2*r - 42. Let k = 36 + o. Calculate the highest common factor of k and 36.
18
Let c = -122 + 147. Calculate the highest common factor of 15 and c.
5
Let v be 66/(-4)*16/(-3). Let o(q) = q**2 + 9*q - 10. Let h be o(-11). Let k be (4/h)/((-4)/(-96)). Calculate the greatest common divisor of v and k.
8
Let o = -846 - -956. Calculate the greatest common divisor of o and 22.
22
Let l(a) = 2*a**2 - 9*a - 2. Let n be l(7). Let c(p) = 11*p**2. Let v be c(-3). Calculate the greatest common factor of n and v.
33
Suppose 0 = -5*p - 20, 5*s + 300 - 2154 = p. Suppose -j + 4*j = -3, -5*i - 5*j + s = 0. Calculate the highest common divisor of 30 and i.
15
Let f = -168 - -293. Let w(u) = -u**2 + 9*u + 5. Let h(s) = s**2 - 6*s - 11. Let b be h(8). Let j be w(b). Calculate the greatest common factor of f and j.
25
Suppose 2*j - 123 = 3*v + 282, -2*j = -2*v - 410. Calculate the highest common factor of 525 and j.
105
Let y = 10 - -6. What is the highest common factor of 368 and y?
16
Let m = 13 + -10. Suppose -2*j - m*j = -180. Suppose 0 = -5*b + 5*y + 35, 2*b - 24 = 2*y - 5*y. Calculate the highest common divisor of j and b.
9
Suppose -2*w - 3 = -4*w + r, -w - 3*r = -19. Let x be 30/6*(-2 + w). What is the greatest common factor of 10 and x?
10
Suppose 9*u = 18*u - 846. Suppose 0 = -2*f + 126 - 32. Calculate the highest common divisor of f and u.
47
Suppose 0 = -4*v + 601 - 145. Calculate the highest common factor of v and 266.
38
Let z be -4*((-12)/10)/((-2)/(-30)). Suppose z = -6*u + 216. What is the highest common divisor of 6 and u?
6
Suppose 12*d - 11*d = 468. Calculate the highest common divisor of d and 36.
36
Let r = -1114 + 1447. What is the highest common factor of 444 and r?
111
Let x(y) = 8*y + 2. Let z be x(2). Suppose -h = -5*v + 88, -48 = -4*v + 2*h + 20. Suppose v = u - 9. What is the highest common factor of z and u?
9
Suppose w - 4*r = -38 + 110, -5*w = r - 339. Calculate the highest common divisor of w and 170.
34
Suppose 2*o - 781 + 121 = 0. Suppose 2*t = 4*t - 60. Calculate the highest common divisor of o and t.
30
Let r be -2*((-4)/6 - 3045/63). What is the highest common divisor of 56 and r?
14
Let r = 66 + -30. Let z(x) = -4*x + 1 + 6*x + 5 - 3*x. Let f be z(2). Calculate the highest common factor of f and r.
4
Suppose -22 - 78 = -5*q. Let g(y) be the first derivative of -y**3/3 - 7*y**2 - 14*y - 1. Let p be g(-12). What is the greatest common factor of q and p?
10
Let m(b) = -2*b + 34. Let k be m(15). Let w be 51 + (4 - 1 - k). What is the highest common factor of 20 and